3331?
-124330
In base 6, what is -4 + -3154201015?
-3154201023
In base 7, what is 1633 + 406342?
411305
In base 9, what is 561507 + -42?
561455
In base 4, what is 311313100 - -212110?
312131210
In base 7, what is -505063 - 64?
-505160
In base 12, what is -53 - 457b5?
-45848
In base 14, what is 684 - -451d?
4ba3
In base 16, what is 2d004a5 - -9?
2d004ae
In base 10, what is -92410 - 473?
-92883
In base 2, what is -11010000001001110001010111 - 100?
-11010000001001110001011011
In base 8, what is 156470302 + -2?
156470300
In base 6, what is 43 + 2440015?
2440102
In base 13, what is -53 - -425429?
4253a6
In base 16, what is 6 - 122ed3c?
-122ed36
In base 7, what is -210 + 20526613?
20526403
In base 3, what is 20120 + 121111121222?
121111212112
In base 4, what is 132201020102 - -1011?
132201021113
In base 14, what is -4c9616 + 0?
-4c9616
In base 15, what is -c45ed23 + 3?
-c45ed20
In base 6, what is -3241 - -11415?
4134
In base 15, what is b31 - 27119?
-264d8
In base 9, what is 308 - -2043166?
2043475
In base 3, what is -22112 + 10122220200?
10122121011
In base 2, what is -10111 - -110111100000010101010101?
110111100000010100111110
In base 11, what is 774a - 13440?
-67a1
In base 8, what is -1360 + 4544?
3164
In base 4, what is -123211030 - 113003?
-123330033
In base 14, what is -30 + -15a6d7?
-15a727
In base 4, what is 333302 + 213?
1000121
In base 15, what is -11 - -300cdd?
300ccc
In base 14, what is -bd970d + 8?
-bd9705
In base 4, what is 12 - 21301311100003?
-21301311033331
In base 11, what is 3a7 - -1657?
1a53
In base 6, what is 30235 - 1144114?
-1113435
In base 3, what is 212110212 + 1002001?
220112220
In base 14, what is bb2dc + -8?
bb2d4
In base 5, what is -144000024 - 141?
-144000220
In base 10, what is -13859 - -442?
-13417
In base 15, what is 4 + -15ee80c?
-15ee808
In base 12, what is -1 - -1776924?
1776923
In base 15, what is 1 + 31475ca?
31475cb
In base 13, what is -35525573 + 1?
-35525572
In base 8, what is 22 - -167047640?
167047662
In base 14, what is 11232822 + -5?
1123281b
In base 9, what is 14 + -2657153?
-2657138
In base 6, what is -4545025 - 2443?
-4551512
In base 6, what is 25414 + -40540?
-11122
In base 6, what is -41505 + -12055?
-54004
In base 9, what is -18 - -873546?
873527
In base 11, what is -8a74439 - -4?
-8a74435
In base 11, what is 5062 - 26542?
-21490
In base 4, what is 100322333 + 303?
100323302
In base 11, what is 0 + 1261309?
1261309
In base 2, what is 111 + -10001101101010010101100101?
-10001101101010010101011110
In base 7, what is -13626 - -116536?
102610
In base 16, what is -225d8 + -1f?
-225f7
In base 15, what is -626e99 - -4?
-626e95
In base 4, what is -22 + 12211311001220?
12211311001132
In base 8, what is 57 - -1653574?
1653653
In base 16, what is -2df5852 - -3?
-2df584f
In base 2, what is -10111111010001011001100 - 1010110?
-10111111010001100100010
In base 8, what is 4 + -4006321?
-4006315
In base 6, what is -114 - 34553105?
-34553223
In base 14, what is 3 + 2d7d0da?
2d7d0dd
In base 6, what is 151 - 4324102?
-4323511
In base 10, what is 1 + -83305023?
-83305022
In base 12, what is 932b5 + -1219?
92098
In base 9, what is 11 - 6375477?
-6375466
In base 4, what is -11102132210101 - 0?
-11102132210101
In base 10, what is -1049 + 10194?
9145
In base 13, what is c + -5948?
-5939
In base 11, what is 980341 + -18?
980324
In base 12, what is -13940a0 - -1?
-139409b
In base 3, what is 11 - -220021202222012?
220021202222100
In base 2, what is 10010101111111111111011 - 10?
10010101111111111111001
In base 15, what is dd + -58573?
-58485
In base 2, what is 10000010111010010000 + 100000?
10000010111010110000
In base 2, what is 10001000110111 + 1010101010?
10010011100001
In base 5, what is 233321414 + 1334?
233323303
In base 12, what is 246b9ba + 1?
246b9bb
In base 7, what is -102 + -263635?
-264040
In base 13, what is 7c - 2680895?
-2680816
In base 6, what is -200031524 - 52?
-200032020
In base 5, what is -1 - -224221200120?
224221200114
In base 2, what is -1010101110 - -11010010010100110?
11010000111111000
In base 2, what is 10111011100010 - 110000000100?
10001011011110
In base 10, what is -335244 + -171?
-335415
In base 3, what is -20020 - 20000102220?
-20000200010
In base 6, what is -5035 - 510232?
-515311
In base 3, what is -1 - -2011200011220011?
2011200011220010
In base 14, what is -14bc16662 - 2?
-14bc16664
In base 4, what is 232 + -13220031101?
-13220030203
In base 7, what is 55 + 1246402?
1246460
In base 16, what is -5 + -3c44b1a?
-3c44b1f
In base 11, what is 7865 - -1523?
9288
In base 2, what is -10000011101 + 10001000010?
100101
In base 15, what is -2 - -1bab9a0?
1bab99d
In base 3, what is 1 + 12220011202?
12220011210
In base 14, what is -3c - -812321?
8122c3
In base 11, what is 4 - -473a47?
473a50
In base 12, what is 34776 - -55?
3480b
In base 9, what is -161808 - -178?
-161620
In base 14, what is 1d + 24c66?
24c85
In base 15, what is -205 + -2c9db?
-2cbe1
In base 12, what is 0 + -14ab567?
-14ab567
In base 12, what is 11bb2b - -60?
11bb8b
In base 2, what is 11 + -10110011111001011000?
-10110011111001010101
In base 11, what is 2 - 58900?
-588a9
In base 10, what is -61216856 + 1?
-61216855
In base 11, what is 1123 - 883aa?
-87287
In base 12, what is -218677a - -63?
-2186717
In base 10, what is 489758 + 14?
489772
In base 10, what is -436314 + 138?
-436176
In base 11, what is 721 + 2480?
30a1
In base 10, what is -2 + -6524581?
-6524583
In base 4, what is 1323 - 10033311332?
-10033310003
In base 13, what is -3 + -2ca65877?
-2ca6587a
In base 3, what is -202200 + 20221200021?
20220220121
In base 14, what is 0 + -dab3a7d?
-dab3a7d
In base 11, what is -84 - 2082296?
-208236a
In base 4, what is 3 + -30223000221123?
-30223000221120
In base 9, what is 5 - -7501721?
7501726
In base 4, what is 30300001 - 23323?
30210012
In base 16, what is -5 + -34db00c?
-34db011
In base 11, what is -2 - 157778a1?
-157778a3
In base 12, what is 11b23 - 17?
11b08
In base 5, what is 2003431313 - 2?
2003431311
In base 11, what is 0 + 475a36?
475a36
In base 13, what is 63c - -23540?
23b7c
In base 14, what is -267 - -60c?
385
In base 9, what is -4083 - 5023?
-10116
In base 9, what is -5 + 112254061?
112254055
In base 3, what is 21000002 - 1022012?
12200220
In base 14, what is -5 - -4617b71?
4617b6a
In base 12, what is -186 + 17296b?
1727a5
In base 8, what is 32072 + 16314?
50406
In base 5, what is 344 - -102401241?
102402140
In base 6, what is 4351125 + 5?
4351134
In base 13, what is -4 - 20b98774?
-20b98778
In base 10, what is -1858199 - -12?
-1858187
In base 4, what is -212313230 - 220?
-212320110
In base 12, what is 1 + 4a428b?
4a4290
In base 13, what is -1047146b8 + -4?
-1047146bc
In base 12, what is 35152 - 0?
35152
In base 9, what is -5 - 13058673?
-13058678
In base 14, what is 566059d + 1?
56605a0
In base 16, what is -22b1e3 - 39?
-22b21c
In base 7, what is 210300003 + -1?
210300002
In base 4, what is -2313131 - 22312301?
-31232032
In base 9, what is 0 + -155627857?
-155627857
In base 5, what is 10 - 31142424?
-31142414
In base 6, what is 15 + -1322120452?
-1322120433
In base 16, what is 217303 + -c?
2172f7
In base 16, what is 2 + f4d47fa?
f4d47fc
In base 4, what is 122020201010210 + -10?
122020201010200
In base 12, what is -31682 - 139?
-317bb
In base 3, what is -10 - 11001021202111102?
-11001021202111112
In base 8, what is 31 + -133406017?
-133405766
In base 13, what is -214 + 17288c?
172678
In base 7, what is -13615 + -65432?
-112350
In base 13, what is -5 - 3ba9b1?
-3ba9b6
In base 6, what is -23 - 10211001?
-10211024
In base 4, what is 3 + 131013111111?
131013111120
In base 4, what is -21 + 323002300031?
323002300010
In base 15, what is -196d4c5d + -3?
-196d4c61
In base 6, what is -15522 - 1211?
-21133
In base 11, what is 408a42 - 127?
408916
In base 15, what is 1210 + 1de?
13ee
In base 4, what is 2003122320 - 21?
2003122233
In base 9, what is 33 - -45686545?
45686578
In base 2, what is 1101101111 + 111001010010?
1000111000001
In base 7, what is 22 + -305153622?
-305153600
In base 12, what is -524661 - 3?
-524664
In base 4, what is 103133333320 + 2?
103133333322
In base 8, what is -57 - -315027?
314750
In base 14, what is -5b41a - -125?
-5b2d5
In base 13, what is 230470 + -352?
23011b
In base 12, what is 2210838 + -1?
2210837
In bas